se -w*z = z - 60. List the prime factors of z.
3, 5
Let i(q) = -2*q**2 + 16*q - 7. List the prime factors of i(7).
7
Let p = -12 - 8. Let i = 9 - 21. Let d = i - p. List the prime factors of d.
2
Let j be 3/(-9)*-6 + -3. List the prime factors of j*3/(3/(-41)).
41
Let s(u) = 7*u**2 - 3*u**3 + 10 + u**3 + u**3. Let q be (-20)/10*7/(-2). What are the prime factors of s(q)?
2, 5
Let h(a) = 9*a**3 + 6*a**2 - a + 6. Let z(c) = -3*c**3 - 2*c**2 - 2. Let i(o) = 2*h(o) + 7*z(o). List the prime factors of i(-2).
2, 3
Suppose 38 = 7*i - 466. List the prime factors of i.
2, 3
List the prime factors of (-339)/(-11) + (-2)/(-11).
31
Suppose -d + 9 - 4 = 0. Suppose 0 = -3*v - 0*v + 2*x + 54, 5*v = d*x + 95. List the prime factors of v.
2
Let p be 4/((-6)/(-3) - 0). Suppose 0*q + p*q - 12 = -2*s, -4*s + 6 = -2*q. List the prime factors of q.
3
Let n(u) = -u**3 - 4*u**2 + 3*u - 3. What are the prime factors of n(-7)?
3, 41
Let d = 56 + 73. List the prime factors of d.
3, 43
Let t be 0/((-2 - -2) + -1). Let x = t + 4. List the prime factors of x.
2
Suppose j + 2*j = 2*i + 28, -3*i - 40 = -4*j. What are the prime factors of (-6)/i + 42/8?
2, 3
Let s = -209 - -364. What are the prime factors of s?
5, 31
Suppose -4*s = s - 10. List the prime factors of s.
2
Let d(y) = -5*y**2 - 2*y. Let s be d(3). Let l = s - -100. What are the prime factors of l?
7
Let u(r) = 3*r - 3*r + r + 7. Suppose 0 = 5*p - 31 - 34. List the prime factors of u(p).
2, 5
Suppose 0 = -2*a - 2*a + 160. Suppose y = -3*y + a. What are the prime factors of y?
2, 5
Let x = -6 - -10. Suppose -3*h = -x*p - 141 - 44, 0 = 3*h - 3*p - 180. Suppose -5*s - 22 = -k, h = 4*k + s + 9. What are the prime factors of k?
2, 3
Let j = 3 - -8. Suppose -4*u - 16 = -4. Let m = u + j. List the prime factors of m.
2
Let m(y) be the second derivative of y**3/6 + y**2/2 - 3*y. What are the prime factors of m(5)?
2, 3
Suppose -3*w + 0*w - 3 = 0, -1289 = -4*u + 5*w. What are the prime factors of u?
3, 107
Let t(x) = 2*x + 2. Let o be t(3). Suppose -h = h - o. What are the prime factors of h?
2
Suppose -2*h = -5*y + 53, -5*y = -2*y + 4*h - 37. Suppose -y - 39 = -5*r. What are the prime factors of r?
2, 5
Suppose 3*l = 0, -2*d + 53 = 2*l - 69. What are the prime factors of d?
61
Let b = 24 - 21. What are the prime factors of b?
3
Suppose -3*h + h + 3*b = -711, -4*h = -3*b - 1407. What are the prime factors of h?
2, 3, 29
What are the prime factors of 2/5 - (-924)/15?
2, 31
Let p(c) = c**3 - 4*c**2 - 12*c + 4. List the prime factors of p(6).
2
Suppose 2*w = 62 + 166. List the prime factors of w.
2, 3, 19
Suppose 2*o = 14*o - 1764. List the prime factors of o.
3, 7
Let j = 60 + -6. What are the prime factors of j?
2, 3
Let r be (8/(-2))/(-5 + 7). List the prime factors of (-108)/(-8) - 1/r.
2, 7
Let j be (2/5)/((-5)/75). Let z(k) = -k**2 - 2*k + 4. Let w(d) = -d**2 - 3*d + 4. Let y(c) = -3*w(c) + 2*z(c). What are the prime factors of y(j)?
2
List the prime factors of (-630)/(-8) - 1/(-4).
79
List the prime factors of 235/94*((-231)/(-5) - -1).
2, 59
What are the prime factors of (5/(-3))/((-30)/108)?
2, 3
Let o be (-17)/(-3) + (-2)/3. Let q(p) = -p**3 + 9*p**2 - 14*p + 1. Let x be q(7). Let d = o + x. What are the prime factors of d?
2, 3
Let f(x) = -2*x - 1. Let c be f(-3). Let d be (-20)/5 + (-12)/(-4). Let t = c + d. What are the prime factors of t?
2
Suppose 4*y - y - 129 = 0. List the prime factors of y.
43
Let n be (-2 - -1)*(8 - -3). Let i(t) = -4*t - 2. List the prime factors of i(n).
2, 3, 7
Let h = 129 + -66. List the prime factors of h.
3, 7
Let w(s) = 5*s**2 - 2*s + 1. Let a(c) = -c - 5. Let n be a(-6). Let y be w(n). Suppose -4*t + 2*z + 32 = -0, -y = -2*t - 5*z. What are the prime factors of t?
7
Suppose -4*w - 14 + 2 = 0. Let y = 3 + w. List the prime factors of 2 + y/(-3) + 1.
3
Let d be 12/(-9)*6/4. List the prime factors of -1 - d - (2 - 23).
2, 11
Suppose s + 2*s - 54 = 0. Suppose 4*w - 22 = s. What are the prime factors of w?
2, 5
Let r be -4*(-5)/(10/8). Suppose 5 = -3*x - r. Let a(o) = o**2 + 5*o. List the prime factors of a(x).
2, 7
Let b be (2 + -2)/(4 + -2). Suppose b*x = -5*x + 15. What are the prime factors of (-4)/(1/(x - 5))?
2
Let t(j) = j**2 - 5*j + 3. Let l be (-8)/12 + (-34)/(-6). List the prime factors of t(l).
3
Suppose -487 = -3*v + 47. What are the prime factors of v?
2, 89
Let y = -2 - -5. Let h be ((-3)/y)/((-1)/49). Let n = -32 + h. List the prime factors of n.
17
Suppose 35 = f - x - 2*x, -f + 51 = 5*x. Let c = -4 + f. What are the prime factors of c?
37
Suppose -f + 22 = -5*s, 3*s + 8 = 2*f + 2*s. Let r be (-2)/8 + f/8. Suppose -4*a = -r*a - 20. What are the prime factors of a?
5
Let r(h) = h**3 + 5*h**2 - 7*h - 9. Let n be r(-6). Let u be (n/(-4))/((-4)/(-128)). Suppose 3*o = -0*o + u. List the prime factors of o.
2
Suppose -5*w = -69 - 11. Let o = w + -6. Suppose -4*r = -o - 6. What are the prime factors of r?
2
Let g = -9 + 35. What are the prime factors of g?
2, 13
Let p = 0 + 3. Let q be (1/2)/(p/36). Let v(a) = a**2 - 5*a - 4. List the prime factors of v(q).
2
Suppose -27 = -f - 0*m + 5*m, 4 = -m. Let b(l) = -3 - l + 2*l + 2. What are the prime factors of b(f)?
2, 3
Suppose 31*c = 32*c - 25. What are the prime factors of c?
5
Let x be 5*((-36)/15 + 2). Let k(h) = -h**3 + h**2 + h - 1. List the prime factors of k(x).
3
Suppose 2*m - n - 73 = 0, 4*n = -3*m + 5*n + 107. List the prime factors of m.
2, 17
Let k(x) = -x**2 + 1. Let a be k(0). Let t(w) = 5*w. Let b be t(a). Suppose -20 = -d - 4*d - 4*r, 4*r + 20 = b*d. List the prime factors of d.
2
Suppose 4*z = -10*z + 5026. List the prime factors of z.
359
Let i(r) = r**2 - r. Let y be i(0). Suppose y = -0*s + 3*s - 138. What are the prime factors of s?
2, 23
Suppose 0 = 5*u - 35 - 740. What are the prime factors of u?
5, 31
Suppose 3*b - 44 = m, -19 - 12 = -2*b - m. Let k be (b - 1)*(-48)/(-28). Let c = -16 + k. What are the prime factors of c?
2
Suppose 0 = 5*w - 0*l + 3*l - 40, 4*l - 20 = 0. Suppose 39 = w*r + 9. What are the prime factors of r?
2, 3
Suppose 7 - 1 = -b. Let j(v) = v**2 + 8*v + 4. Let o be j(b). Let i = -3 - o. List the prime factors of i.
5
Let o(i) = -i**3 + 38. Let c(t) = t**3 + 4*t**2 - 7*t - 10. Let d be c(-5). What are the prime factors of o(d)?
2, 19
Let u = -41 + 202. What are the prime factors of u?
7, 23
Suppose 0 = 3*b - 119 - 1. Let s = -39 - -15. Let z = s + b. List the prime factors of z.
2
Suppose -6*r + r + 5 = 2*g, 4*r - 2*g - 4 = 0. Suppose -d = -r - 3. Suppose 2*v - 2 = d*m - 22, 5*m + 5*v = 25. List the prime factors of m.
5
Let r = 52 - 36. What are the prime factors of (12/(-16))/((-3)/r)?
2
Let f be 98/12 + (-3)/18. Let w be (-21)/(-2) + f/16. Suppose -3*z = w - 50. What are the prime factors of z?
13
Let i(g) = -g**3 + g**2 + 3. Let r be i(0). Suppose -2*x - r*x + 55 = 0. What are the prime factors of x?
11
Let h(p) = p**2 - 3*p - 4. Let v be h(3). Let o(z) = -z**3 - 4*z**2 - 4*z. What are the prime factors of o(v)?
2
Let r(d) = d**2 - 10*d + 7. Let p be r(7). Let z = 17 - p. List the prime factors of z.
31
Let a be -2 + -2 + 2 - -327. Suppose -4*j - j = -a. Suppose -2*b + j = b + 5*h, 2*b + 4*h = 46. List the prime factors of b.
3, 5
Let q(f) = f**3 - 5*f**2 + 8*f - 10. Let p be q(5). Suppose -4*t = -w + p, 0*w = -3*w + 4*t + 82. List the prime factors of w.
2, 13
Suppose 3*f - 15 = 6*f. Let h = 8 + f. Suppose 0 = h*c + s - 25 - 31, 0 = 5*c - 4*s - 65. List the prime factors of c.
17
Let q = -5 - -16. Let z = q - 8. What are the prime factors of z?
3
Let l = 5 - -22. List the prime factors of l.
3
Suppose -2*b - 81 = 5*n - 257, 3*b - 2*n - 302 = 0. What are the prime factors of b?
2, 7
Suppose c = 6*c - 515. List the prime factors of c.
103
Suppose 3*r = 9 + 15. Suppose i - r = -i. Suppose 0*g - 5*g = -i*q - 37, 4*g - 4*q - 32 = 0. List the prime factors of g.
5
Let f = 199 - 111. What are the prime factors of f?
2, 11
Let l(m) = m**2 - 15*m + 12. List the prime factors of l(17).
2, 23
Suppose -t - 8 = -5*t. Let m(a) = 9*a**2 - 4*a + 2. List the prime factors of m(t).
2, 3, 5
Suppose 0*f = -f + 2. List the prime factors of 7 - (0 + f - 2).
7
Suppose -2*j = -5*p - 3*j + 10, 4*j = 4*p - 32. Suppose 4*b + p*s - 20 = -0*s, 2*b = -5*s + 24. List the prime factors of 18/b + 0 + -2.
7
Let c